0 and 6054930.
90
Calculate the greatest common factor of 240 and 2154660.
60
What is the greatest common divisor of 206109665 and 205?
205
What is the greatest common factor of 2682 and 774?
18
What is the highest common divisor of 8810535 and 90585?
915
What is the highest common divisor of 97797702 and 357?
51
Calculate the greatest common factor of 1380 and 7773680.
20
What is the highest common divisor of 1610351986 and 593?
593
What is the greatest common divisor of 320 and 117844?
4
Calculate the greatest common factor of 6102026 and 210.
14
What is the greatest common divisor of 2806492 and 10478?
806
Calculate the highest common divisor of 76808442 and 708.
354
Calculate the greatest common divisor of 11200 and 34928.
16
Calculate the greatest common factor of 115595 and 8185.
5
What is the highest common factor of 12692600 and 200?
200
Calculate the greatest common factor of 4003957 and 79.
79
Calculate the highest common divisor of 951081 and 204531.
237
Calculate the highest common divisor of 1386496 and 2768.
16
What is the greatest common factor of 227548 and 76082?
698
Calculate the greatest common divisor of 4412211 and 654.
327
Calculate the highest common divisor of 79438651 and 6066.
337
Calculate the greatest common divisor of 27490 and 17770.
10
What is the highest common divisor of 224561 and 10697?
19
Calculate the highest common factor of 6702402 and 84.
42
Calculate the highest common factor of 155984945 and 85.
85
Calculate the greatest common divisor of 14719230 and 1800.
90
What is the highest common divisor of 1245450 and 71875?
575
What is the highest common divisor of 631 and 27818897?
631
Calculate the greatest common factor of 4231822 and 504.
14
Calculate the highest common factor of 218715 and 488355.
105
Calculate the highest common divisor of 930 and 283371465.
465
Calculate the greatest common factor of 1367469 and 16389.
27
What is the highest common divisor of 137788 and 1748?
76
Calculate the greatest common divisor of 107 and 67.
1
Calculate the highest common divisor of 327012 and 35.
7
What is the highest common divisor of 225 and 3889710?
45
Calculate the greatest common divisor of 412 and 10501159.
103
Calculate the greatest common divisor of 7310 and 80639534.
1462
What is the greatest common factor of 117610545 and 390?
195
What is the highest common divisor of 10337581 and 629?
17
What is the highest common divisor of 470858 and 7847?
19
What is the greatest common factor of 153 and 5863096?
17
What is the highest common divisor of 4923 and 1114340742?
4923
What is the highest common factor of 4555935 and 5480?
685
What is the highest common divisor of 24696 and 17904?
24
Calculate the greatest common factor of 332958852 and 99774.
4338
What is the highest common factor of 4834 and 23770?
2
Calculate the greatest common divisor of 3 and 19705317.
3
What is the greatest common divisor of 1912 and 5964962?
478
Calculate the greatest common factor of 2923776 and 4230.
846
What is the greatest common factor of 2647281 and 19299?
21
What is the highest common factor of 2520 and 134163720?
360
What is the greatest common factor of 131130880 and 2896?
2896
Calculate the greatest common divisor of 149144 and 54719920.
1448
Calculate the highest common factor of 883320 and 5399880.
2040
Calculate the greatest common factor of 8195 and 831655.
55
Calculate the greatest common factor of 545 and 6245.
5
What is the highest common factor of 9254 and 120713803?
4627
Calculate the greatest common factor of 62795 and 17133120.
3305
Calculate the highest common divisor of 7966 and 242592.
14
What is the highest common factor of 175 and 1776725?
25
What is the highest common divisor of 1136680 and 9106?
314
What is the greatest common divisor of 20707355 and 1005?
335
What is the highest common divisor of 54988 and 1297810?
466
Calculate the highest common factor of 1358 and 107815403.
97
What is the greatest common factor of 59 and 129483878?
59
Calculate the highest common divisor of 62329034 and 19251.
713
What is the greatest common factor of 1689766 and 3978?
442
Calculate the highest common divisor of 451805 and 147695.
545
Calculate the highest common divisor of 17556 and 1209901.
1463
What is the greatest common factor of 249840 and 6330?
30
Calculate the greatest common divisor of 1140 and 362303628.
228
What is the greatest common divisor of 14052882 and 95844?
978
What is the greatest common factor of 27260 and 62060?
580
What is the greatest common factor of 12775 and 188095?
5
What is the greatest common divisor of 3337 and 6798597?
47
Calculate the highest common factor of 105 and 9531725.
35
What is the greatest common factor of 3192 and 4629744?
168
Calculate the greatest common factor of 7133373 and 17550.
351
What is the highest common factor of 613973 and 4252420?
2389
What is the highest common factor of 14037 and 255567?
3
Calculate the highest common factor of 189216 and 4818.
438
What is the greatest common factor of 16947525 and 266?
133
What is the greatest common divisor of 2682760 and 840?
40
What is the highest common factor of 64635 and 172365?
15
What is the highest common divisor of 8440 and 2094107480?
8440
Calculate the highest common factor of 83 and 541243.
83
Calculate the greatest common divisor of 1215 and 187185.
15
Calculate the highest common divisor of 15035403 and 62103.
381
Calculate the greatest common divisor of 540479 and 2599.
113
Calculate the highest common divisor of 57584 and 2873344.
976
What is the highest common divisor of 296381 and 14079?
361
Calculate the greatest common divisor of 25215 and 4864404.
123
What is the greatest common factor of 3711498250 and 2950?
2950
Calculate the highest common factor of 730700 and 3375.
25
Calculate the highest common divisor of 1032864 and 2142048.
5088
What is the highest common factor of 3965 and 10517315?
305
Calculate the highest common divisor of 7840 and 20127520.
1120
What is the greatest common divisor of 1402 and 2546311699?
701
Calculate the greatest common factor of 1989117 and 360126.
1053
Calculate the greatest common divisor of 3440337 and 48.
3
What is the highest common divisor of 9176 and 22?
2
What is the greatest common divisor of 2305 and 4325102?
461
What is the greatest common divisor of 342 and 984751?
19
What is the greatest common divisor of 7222 and 5193492?
46
What is the greatest common factor of 1482 and 229175226?
114
What is the highest common factor of 4830240 and 13356?
12
Calculate the highest common factor of 1191 and 820849507.
397
What is the highest common factor of 6435 and 1480765?
715
Calculate the greatest common divisor of 66389 and 25896091.
337
What is the greatest common factor of 3164875 and 105?
35
Calculate the highest common divisor of 27245904 and 12.
12
What is the highest common factor of 703 and 328187?
19
What is the highest common divisor of 460548095 and 70?
35
Calculate the highest common divisor of 1377 and 354765690.
459
Calculate the highest common factor of 2800797 and 1005933.
1839
Calculate the highest common factor of 2091392327 and 599.
599
Calculate the greatest common factor of 21909 and 607020.
201
What is the greatest common factor of 1288 and 54066744?
184
What is the highest common divisor of 8660375 and 3508?
877
What is the highest common divisor of 824182 and 3649?
41
What is the greatest common factor of 268679 and 85562?
179
What is the highest common divisor of 163605 and 9615?
15
What is the highest common factor of 949665 and 18?
3
What is the highest common divisor of 311964939 and 1794?
897
What is the greatest common factor of 5185890 and 12?
6
What is the greatest common factor of 48868972 and 17144?
8572
What is the highest common factor of 31156455 and 1815?
165
What is the greatest common factor of 662 and 1004150066?
662
What is the greatest common divisor of 205996 and 3556?
28
Calculate the highest common factor of 64 and 610262.
2
What is the highest common factor of 262158149 and 43604?
10901
Calculate the greatest common divisor of 6356 and 112592.
908
Calculate the highest common divisor of 2031075 and 1215.
405
What is the greatest common divisor of 292499 and 8441?
367
Calculate the greatest common divisor of 29550 and 2